3/3 + 37*w**2/2 - 1740*w. Calculate g(-7).
9
Let d(w) = w**3 - 10*w**2 + 22*w + 2. Let x(m) = 8*m**2 + 262*m - 263. Let s be x(1). Give d(s).
9
Suppose 19*s + 24 = 23*s. Let w(a) = 3*a**2 + 13*a - 5. Let b(i) = 2*i**2 + 7*i - 3. Let d(n) = -5*b(n) + 3*w(n). Determine d(s).
-12
Suppose 14*x - 16*x + 106 = 0. Suppose -4*v + 5*d = -x, -9 = -5*v + 4*d + 46. Let z(q) = -q - 8. Calculate z(v).
-15
Let a(i) = 2*i - 16. Let g(b) = b**3 - 7*b**2 - 11*b + 32. Let c = 382 - 374. Let m be g(c). Calculate a(m).
0
Let r(k) = 5*k**2 + 7*k + 21. Let c(b) be the second derivative of -11*b**4/12 - 13*b**3/6 - 45*b**2/2 + 168*b. Let v(j) = 6*c(j) + 13*r(j). What is v(14)?
-11
Let h(i) = 50*i - 25. Let w(d) = 27*d - 12. Let u = 271 - 265. Let k(j) = u*h(j) - 11*w(j). What is k(0)?
-18
Suppose 12 = -6*g + 24. Let l(w) = -2*w - g*w + 434 - 439. Give l(-8).
27
Let g(d) = -d**3 - 3*d - 2. Let p(o) = 2*o - 18. Let r be p(12). Suppose 0 = r*j - 99 + 117. Determine g(j).
34
Let l(x) = -69642 - 5*x**3 + 139293 - 69647 + 4*x**3 + 5*x. Determine l(-4).
48
Suppose -4*g + 2*g = -5*r + 6, 2*r = 2*g + 6. Suppose -d - 3*d = r. Let b(t) be the second derivative of t**3/6 - 2*t**2 - 4*t - 2. Determine b(d).
-4
Let y(z) = -z**2 + z - 4. Suppose -118 = 50*u - 218. What is y(u)?
-6
Let t(k) = k**2 + 9*k + 15. Let d be 8*((-2480)/128 - -19). Determine t(d).
-3
Suppose 6 = -3*z + 15, o + 3 = 5*z. Let x = o - 2. Let c(h) = -6 + 4*h - 5*h - x + 0*h. Calculate c(-10).
-6
Suppose -960*b = -952*b - 8. Let s(p) = 23*p - 20. What is s(b)?
3
Let x(a) = 1 + 3*a + 5 - 3 + 13 - 9. Give x(2).
13
Let q(t) = 7*t - 10. Let b be q(-2). Let l = b + 38. Let s(a) = -23*a + l*a + 10*a - 2. Give s(0).
-2
Let o(m) = -4*m**2 - 27*m + 63. Let d(c) = c**2 + 7*c - 16. Let w(h) = 9*d(h) + 2*o(h). Let l be w(-11). Let p(j) = j**3 - 4*j**2 + j + 1. What is p(l)?
5
Let x = 234 - 229. Let r(z) = -z**3 + 6*z**2 - z + 7. Let b be r(6). Let q(s) = -b + 6*s + s - 2*s**2 + 1 - 3. Determine q(x).
-18
Let z(p) = 3*p**2 + 10*p - 2. Suppose 5*r - 50 = 5*t, -3*t + 5*r - 666 = -624. Calculate z(t).
6
Let b(l) = 7*l**2 + 36*l + 2. Let c(z) = -z**2 - 3*z - 1. Let k(o) = -b(o) - c(o). Calculate k(-5).
14
Let u = 88 + -84. Let a = u + -2. Let m(f) = 3*f**a - 6*f**2 + 21 - f**2 + f**3 - 23 - f. Calculate m(4).
-6
Suppose 0 = -12*d + 557 + 715. Let f = d - 110. Let k(t) = -t**2 - 5*t. Calculate k(f).
4
Let w(j) = -j**3 - 11*j**2 + j - 2. Let l be w(-11). Let g(d) = d + 30. Let z be g(l). Let s(m) = -m**3 - 6 - z*m - 19*m + 49*m - 19*m - 7*m**2. Give s(-6).
-6
Suppose -75*j + 73*j = -4. Let x(h) be the second derivative of -h**5/5 + h**4/12 - h**2 - 91*h. Calculate x(j).
-30
Let l(h) = h**2 + 25*h + 27. Let d be 64/40*2/(-8) - (-118)/(-5). Give l(d).
3
Suppose x = -3*n, 5*n - 10*n = 0. Suppose -4*j - 16 = x, -3*m + 2*m - j = 0. Let a(l) = -l**3 + 5*l**2 - l - 9. Calculate a(m).
3
Let f(i) = i**3 + 5*i**2 - 6*i - 7. Let y = 2633 + -2638. What is f(y)?
23
Let r(m) = 49*m**2 - 44*m**2 - m**3 - m - 9*m**2. What is r(-3)?
-6
Let k(d) = 9*d + 14. Let b = 162 + -168. Let g(h) = 5*h + 8. Let w(i) = b*k(i) + 11*g(i). Calculate w(-7).
-3
Let r(d) = 66*d + 216. Let h(v) = 23*v + 72. Let z(l) = 17*h(l) - 6*r(l). Give z(-14).
-2
Let p(w) be the first derivative of -3*w**4/4 + 6*w**3 - 3*w**2/2 + 9*w - 444. Calculate p(6).
-9
Let s(m) = 4*m - 63. Let o be s(16). Let u(n) = 8*n + o - 9*n + 0*n. What is u(-3)?
4
Suppose -10 = 3*a - 0*o + o, 3*o = 6. Suppose 2*y - 36 = -2*y. Let g(v) = -6*v**2 - 3*v - v**3 + 7*v - v - y*v - 1. Calculate g(a).
-9
Let h(g) = -4*g + 47. Let q = -75 + 90. Give h(q).
-13
Suppose 0 = 5*l - 632 - 208. Suppose 49 = -7*j + l. Suppose 13 + j = 3*s. Let k(z) = -z + 7. What is k(s)?
-3
Let p(k) be the third derivative of -k**5/60 - 5*k**4/12 + 17*k**3/3 + 11*k**2. Let y(n) be the first derivative of p(n). Let u = 21 - 28. Calculate y(u).
4
Suppose -456 = -23*g + 303. Let q = -37 + g. Let y(a) = a**2 + 7*a + 3 + 2 + 0*a. What is y(q)?
-7
Let b(m) = 4*m**3 + 3*m + 2. Suppose 20*s + 20 = 10*s - 0*s. Give b(s).
-36
Let q(z) = -32*z - 45. Let r(f) = 7*f + 11. Let c(i) = -2*q(i) - 9*r(i). Let d(m) = m**2 - 2*m - 2. Let k be d(4). What is c(k)?
-3
Let k be 4/(12/(-169)) - 6/9. Let v = -47 - k. Let h = v + -11. Let q(y) = -y. Calculate q(h).
1
Let x(g) = -g**2 + 21*g + 142. Let z be x(26). Let v(h) be the first derivative of -z + h + 7/2*h**2. Give v(1).
8
Let q(d) = d**2 - 4*d - 4. Let r(m) = 1. Let g(x) = q(x) + 2*r(x). Suppose 7069*l = 7378*l - 1236. Calculate g(l).
-2
Let c(y) = 25*y**3 - 45*y**2 + 63*y - 18. Let m(i) = -27*i**3 + 46*i**2 - 63*i + 17. Let x(v) = 13*c(v) + 12*m(v). What is x(31)?
1
Let t be ((-6)/4 + 0)/(24/(-64)). Let m(z) = 167 + t*z - 169 - 3*z + 0*z - z**2. Determine m(2).
-4
Let c(s) be the first derivative of 2*s**2 + 332. Suppose h - 3*r = 5, 3*r + 0*r = 3*h - 3. Determine c(h).
-4
Let y be (252/2)/(3/2). Let x(t) = y*t - 7 - 39*t - 44*t. What is x(12)?
5
Let a(q) = q**3 + 14*q**2 - 12*q + 58. Let v be a(-15). Let r(g) = 8*g - 101. What is r(v)?
3
Let k(m) be the first derivative of m**3/6 + 2*m**2 + 63*m + 37. Let d(p) be the first derivative of k(p). Determine d(0).
4
Let z(p) be the first derivative of -6*p**2 + 232*p + 3560. Give z(20).
-8
Let a(s) be the first derivative of s**2 + 438. Determine a(16).
32
Suppose 21*q - 90 = -24*q. Suppose -7 = -4*r - 3. Let z be q + r - (-3 + 1). Let n(u) = -3*u + 4. Calculate n(z).
-11
Suppose 6 + 15 = -2*m - 5*i, 20 = -4*i. Let j(t) = -5*t - 4*t + m*t + 10 + 6*t. What is j(-6)?
16
Let d = -86 + 76. Let f be 5 - d/(-15)*3. Let l(i) be the second derivative of -i**5/20 + i**4/4 + i**3/3 + i**2 - 2*i. What is l(f)?
8
Let n(f) = 10*f + 303. Suppose 124*y = 138*y + 434. Calculate n(y).
-7
Let g(j) = 13*j - 10. Let i(m) = -37*m + 28. Let l(o) = -11*g(o) - 4*i(o). Let v(w) = 4*w - 2. Let d(u) = -5*l(u) + 6*v(u). Determine d(4).
-6
Suppose -847 + 141 = 179*p + 368. Let f(n) = 8*n + 8. Let i(w) = -w - 1. Let o(z) = -2*f(z) - 10*i(z). Determine o(p).
30
Let z(y) be the first derivative of y**3/3 + 29*y**2/2 + 33*y - 728. Calculate z(-28).
5
Suppose z - 5 = -0*z. Suppose 25 = -z*o + 5*f, -5*o = -3*o - 4*f + 8. Let m(n) = 102*n**2 - 108*n**2 - 20 + 26 + n - n**3. Determine m(o).
0
Let t(q) = 7 + 8 - 20 - q. Let p = 449 - 452. Calculate t(p).
-2
Let k be (-901)/(-318) + 1/6. Suppose f + 3*f = 152. Suppose f - 17 = -k*g. Let w(u) = u**2 + 6*u. Calculate w(g).
7
Let x(j) = j**3 - 12*j**2 - 28*j + 5. Suppose 11*b - 167 = -13. Let n be x(b). Let f(q) = -6*q - 2. What is f(n)?
-32
Let w(n) be the third derivative of -n**5/60 + 19*n**4/24 - 59*n**3/6 + 314*n**2 - n - 2. Determine w(17).
-25
Let z = 79 - 165. Let d = z + 80. Let b(o) = o**2 + 5*o - 12. Let l be b(d). Let g(f) = -3*f - 7. Determine g(l).
11
Let y(b) be the second derivative of b**3/6 - 4*b. Suppose 0*l = -4*a + 5*l - 4, 4 = l. Suppose 0 = 4*p - 5*i + 16 - a, 3*i = 0. Determine y(p).
-3
Suppose 0 = -2*i - 4*x - 8, 0 = 2*i + i - x - 9. Suppose -3*f + i*k = -7, f + 3*k = 2*k + 4. Let g(h) = h - 5*h + 3*h. What is g(f)?
-3
Let d(s) = s**3 - 7*s**2 + 2*s + 14. Let y(o) = 2*o. Let b(f) = 13*f - 2. Let q(a) = -b(a) + 6*y(a). Let r(u) = -d(u) + 4*q(u). What is r(5)?
14
Let j(a) = -4*a - 4*a + a - 1985 + 1988 + 6*a. Determine j(1).
2
Suppose 0 = 5*s - 2*x - x + 28, -2*s - 2*x - 24 = 0. Let p(b) be the first derivative of b**3/3 + 3*b**2 - 10*b + 9508. Determine p(s).
6
Suppose 2*b + 3*s = -7, -4 = -2*b + 6*b + 4*s. Suppose b*k + 5*l = -29, 27 = k - 5*k - 3*l. Let r(x) = x**3 + 5*x**2 - 3*x + 1. Calculate r(k).
-17
Let x(k) = k**3 + 20*k**2 + k + 23. Suppose -2*d - 5*p - 33 = -48, -d = -4*p + 12. Suppose 11*t - 8 + 228 = d. Give x(t).
3
Let k = -21826 + 21810. Let a(t) = 24*t + 390. What is a(k)?
6
Suppose -4*t = -i + 11, -50*i + 3*t = -48*i - 32. Let q(k) = 4*k - 74. Give q(i).
2
Let b(t) = -2*t**3 + 103 + t**3 - 4*t**2 + 8*t + 115 - 327 + 107. Determine b(-6).
22
Let d(x) = 0*x - 2438900*x**2 + 2438901*x**2 - 8 + 6*x. Suppose 3*b = -2*b - 30. Calculate d(b).
-8
Let s(z) = -z - 2. Let d be s(-4). Let y(n) = d*n**2 - 1 + 2 + 3*n + n**2. Suppose 23*u = -2*r + 19*u - 20, u + 14 = -5*r. What is y(r)?
7
Let w(j) = -2*j**3 - j**2 + j. Let s(b) = -b - 3. Suppose 2*i + 15 = -3*i - h, -5*i - 5*h + 5 = 0. Let m be s(i). Calculate w(m).